n base 10, what is -46450 + 4?
-46446
In base 10, what is 1478 + -209?
1269
In base 4, what is 120232101 - 1?
120232100
In base 16, what is 132c9 - -2?
132cb
In base 6, what is 2024 + 5?
2033
In base 4, what is -1 + -3113102003?
-3113102010
In base 2, what is 10101101111110 - 10010011?
10101011101011
In base 12, what is -24187 - -b?
-24178
In base 6, what is -4350052 - 2?
-4350054
In base 16, what is -6a8a + f2?
-6998
In base 11, what is 1327 - -102?
1429
In base 13, what is -8ca7 - 31?
-9008
In base 8, what is 45567 + -63?
45504
In base 16, what is 1c81f + 4?
1c823
In base 15, what is -2b500b - -3?
-2b5008
In base 3, what is -20220011100 + 2?
-20220011021
In base 11, what is 1a + 53019?
53038
In base 5, what is -11103 + -414?
-12022
In base 7, what is 1 - -23601?
23602
In base 8, what is 5 - 16760?
-16753
In base 4, what is 11102211122 + 1?
11102211123
In base 13, what is -16a7 + 4?
-16a3
In base 3, what is 101 + 201210200?
201211001
In base 11, what is 0 - 518148?
-518148
In base 5, what is 11 + -1403114?
-1403103
In base 11, what is -5 + 223985?
223980
In base 8, what is 0 - -40634?
40634
In base 14, what is b + 11b02?
11b0d
In base 2, what is -111100011 - -1110000?
-101110011
In base 3, what is 2101010000 + -210?
2101002020
In base 5, what is 31 - 1213?
-1132
In base 14, what is -31118 + -6?
-31120
In base 13, what is -3385c + -10?
-3386c
In base 15, what is 8d - -6c0?
75d
In base 6, what is -12 - 35201?
-35213
In base 7, what is 0 - 14341?
-14341
In base 13, what is 116b + -5?
1166
In base 15, what is 2 - -287?
289
In base 15, what is -493 + b?
-487
In base 14, what is dd1 + 0?
dd1
In base 4, what is -120300020 + -2?
-120300022
In base 13, what is 1 + -1c7c1?
-1c7c0
In base 14, what is -10 - -2304?
22d4
In base 4, what is -31 - -21331?
21300
In base 7, what is -22524 - 23?
-22550
In base 14, what is -3079 + -27?
-30a2
In base 9, what is 5 - -6673?
6678
In base 13, what is -185 - -98b9?
9734
In base 13, what is -176108 + -3?
-17610b
In base 15, what is 235 + -73?
1b2
In base 10, what is 46220 + 0?
46220
In base 12, what is 47 + -1841?
-17b6
In base 14, what is -3 + -51113?
-51116
In base 4, what is 10 - -102203?
102213
In base 9, what is 147 - -231?
378
In base 15, what is -259 + -1e4?
-44d
In base 13, what is 37b6 + -2?
37b4
In base 13, what is -24 - a0a?
-a31
In base 13, what is 14 - 130a5?
-13091
In base 2, what is 11001 + -100101?
-1100
In base 16, what is a979 + -3?
a976
In base 5, what is -22102330 + -4?
-22102334
In base 7, what is -321065 - -1?
-321064
In base 6, what is 33132201 + 1?
33132202
In base 7, what is -1513 - 45?
-1561
In base 3, what is 201012100200 + 12?
201012100212
In base 2, what is 11 - -100001000101101101?
100001000101110000
In base 8, what is -1 + -764?
-765
In base 12, what is -3 + -3203a0?
-3203a3
In base 5, what is -2 + -3342041?
-3342043
In base 8, what is -234 - -665?
431
In base 5, what is -1442 + 2?
-1440
In base 9, what is -11608 + -3?
-11612
In base 2, what is -11100010100010 + 100011010?
-11011110001000
In base 4, what is -10313 + -301013?
-311332
In base 7, what is 531 - -12533?
13364
In base 2, what is -110 - -11100001100100?
11100001011110
In base 5, what is 12044104 + 3?
12044112
In base 16, what is 7a2 - -53?
7f5
In base 13, what is 5 - 2ac9?
-2ac4
In base 14, what is 3 + 10002?
10005
In base 11, what is -a0 - 70?
-160
In base 6, what is -15 + -225014?
-225033
In base 14, what is 5a8 - -d?
5b7
In base 2, what is 101 - -10010100011011?
10010100100000
In base 12, what is -375 - 374?
-729
In base 9, what is 30 + 147410?
147440
In base 8, what is 17244 + -10?
17234
In base 4, what is 11 - -203120323?
203121000
In base 2, what is 1010011101000100 - -1011?
1010011101001111
In base 3, what is 10001121 - 1010?
10000111
In base 14, what is 3 + -b47?
-b44
In base 10, what is 706 - -90?
796
In base 14, what is 249 + -55?
1d4
In base 10, what is 247 - -53?
300
In base 4, what is 1211 - -102300?
110111
In base 14, what is 5 - -153859?
153860
In base 6, what is 40 + -13032?
-12552
In base 16, what is 1cf - -59?
228
In base 7, what is -14 - 31522?
-31536
In base 3, what is -20211212 - 1220?
-20220202
In base 15, what is -16 + -1138?
-114e
In base 12, what is 669 + 25a?
907
In base 2, what is 1100101011 - -11?
1100101110
In base 16, what is -f - -195?
186
In base 2, what is -100 + -100111101011101?
-100111101100001
In base 6, what is 153 - 121?
32
In base 2, what is 111 - -1000001101011111?
1000001101100110
In base 8, what is -4 + 231546?
231542
In base 9, what is 5 - 16768?
-16763
In base 10, what is 115 + -10510?
-10395
In base 11, what is 7189 - -9?
7197
In base 8, what is -326 + 3?
-323
In base 11, what is 81 + -47?
35
In base 10, what is -5230 + -131?
-5361
In base 13, what is -1717c + 20?
-1715c
In base 6, what is 130 + -541345?
-541215
In base 7, what is -263 - 342?
-635
In base 13, what is 8 + -1717?
-170c
In base 5, what is -10343 - -22?
-10321
In base 10, what is -45477 - 64?
-45541
In base 15, what is aa + e2b?
ed6
In base 5, what is -2021414 - 0?
-2021414
In base 13, what is -1 - 467?
-468
In base 4, what is -30231 - -132?
-30033
In base 13, what is 2b - -8277?
82a5
In base 15, what is -3 + -561a?
-561d
In base 14, what is 3 + -326?
-323
In base 13, what is -8 - -33a5?
339a
In base 12, what is 84 - 592b?
-5867
In base 7, what is -106 + -104?
-213
In base 10, what is 2728 - -10?
2738
In base 13, what is 3c8 - 1c3?
205
In base 14, what is -2469 - 3?
-246c
In base 2, what is 100 - -10011100100000?
10011100100100
In base 4, what is 110 + -103200?
-103030
In base 12, what is 2 + -19253?
-19251
In base 10, what is 215096 + -4?
215092
In base 10, what is -618 - 4?
-622
In base 8, what is 13 - 12211?
-12176
In base 15, what is b90 - -6?
b96
In base 9, what is 6 - -46035?
46042
In base 6, what is 3 - 135313?
-135310
In base 6, what is 215205 - 1?
215204
In base 11, what is -1290533 + 5?
-1290529
In base 11, what is -5779 + 7?
-5772
In base 5, what is 4 - 42224321?
-42224312
In base 16, what is -73e + -74?
-7b2
In base 4, what is 13331102 + 3?
13331111
In base 13, what is 5 - -4538?
4540
In base 9, what is 105805 - -5?
105811
In base 12, what is -4 - b111?
-b115
In base 6, what is -34 - 34002?
-34040
In base 4, what is 2 + 10013303120?
10013303122
In base 5, what is 1 - 240341?
-240340
In base 14, what is 28899 + 4?
2889d
In base 3, what is -2 + 1002111212?
1002111210
In base 6, what is 35 - 1041423?
-1041344
In base 16, what is -53afd - -1?
-53afc
In base 2, what is 100001010001011 - 1010000?
100001000111011
In base 12, what is 4 - -5341?
5345
In base 11, what is -1 - -42458?
42457
In base 15, what is -54bb - 30?
-54eb
In base 6, what is -105 - -32142?
32033
In base 8, what is 3 + -160206?
-160203
In base 9, what is 8 + -5368?
-5360
In base 2, what is -11 - 1100110010000011?
-1100110010000110
In base 8, what is 37043 - -115?
37160
In base 8, what is -7 - -140243?
140234
In base 3, what is 200 + -21102022?
-21101122
In base 2, what is -101100 - 111100101?
-1000010001
In base 5, what is 21 + -104031?
-104010
In base 7, what is -5 - -61004?
60666
In base 15, what is 4 - 23bc?
-23b8
In base 2, what is -10001001000010100 + -10?
-10001001000010110
In base 13, what is -1 + -2505c?
-25060
In base 15, what is -39 + -2b5?
-2ee
In base 8, what is -16 + -1157?
-1175
In base 9, what is -5676 + -2?
-5678
In base 6, what is 3150 - -5201?
12351
In base 6, what is -1054050 - -4?
-1054042
In base 8, what is -143105 - -7?
-143076
In base 9, what is -446 + 131?
-315
In base 15, what is -1bbc8 - -4?
-1bbc4
In base 7, what is 150 + 2361?
2541
In base 16, what is -b9a + -27?
-bc1
In base 8, what is -451405 + 24?
-451361
In base 10, what is 492 - -30?
522
In base 11, what is 1 + -2129?
-2128
In base 16, what is -688 - 4?
-68c
In base 10, what is -2 + -145598?
-145600
In base 15, what is 4e - -2a5?
304
In base 4, what is -32311 - -1231?
-31020
In base 7, what is -405 + -16122?
-16530
In base 13, what is 0 - -1736?
1736
In base 3, what is 11 + 10202100?
10202111
In base 2, what is 11 - 100111001000101?
-100111001000010
In base 14, what is -46d73 + -4?
-46d77
In base 9, what is -51548 + -1?
-51550
In base 11, what is -11 - 3731?
-3742
In base 4, what is -331033012 - 13?
-331033031
In base 6, what is -1230 - 20543?
-22213
In base 3, 